{"id":17,"date":"2024-04-22T09:55:26","date_gmt":"2024-04-22T07:55:26","guid":{"rendered":"http:\/\/tstielec.com\/?page_id=17"},"modified":"2025-07-26T23:34:29","modified_gmt":"2025-07-26T21:34:29","slug":"a-propos","status":"publish","type":"page","link":"https:\/\/tstielec.com\/?page_id=17","title":{"rendered":"Mentions L\u00e9gales"},"content":{"rendered":"\t\t<div data-elementor-type=\"wp-page\" data-elementor-id=\"17\" class=\"elementor elementor-17\">\n\t\t\t\t<div class=\"elementor-element elementor-element-4f1fc72 e-flex e-con-boxed e-con e-parent\" data-id=\"4f1fc72\" data-element_type=\"container\">\n\t\t\t\t\t<div class=\"e-con-inner\">\n\t\t\t\t<div class=\"elementor-element elementor-element-09eab4f elementor-widget elementor-widget-heading\" data-id=\"09eab4f\" data-element_type=\"widget\" data-widget_type=\"heading.default\">\n\t\t\t\t<div class=\"elementor-widget-container\">\n\t\t\t\t\t<h2 class=\"elementor-heading-title elementor-size-default\">TSTI ELEC, SAS, soci\u00e9t\u00e9 par actions simplifi\u00e9e au capital social de 1 000,00\u20ac <br>\nAdresse: : 23 RUE DU RIVAGE 59150 WATTRELOS<br>\nTel : 06 29 54 03 06<br>\nMail : tstielec@gmail.com<br>\nSiret : 81490105400043<br>\n<br>\nH\u00e9bergeur : <br>\nOVH (OVHCLOUD), SAS, soci\u00e9t\u00e9 par actions simplifi\u00e9e<br>\nAdresse : 2 RUE KELLERMANN 59100 ROUBAIX<br>\nTel : 1007<\/h2>\t\t\t\t<\/div>\n\t\t\t\t<\/div>\n\t\t\t\t\t<\/div>\n\t\t\t\t<\/div>\n\t\t<div class=\"elementor-element elementor-element-1a1fd15 e-flex e-con-boxed e-con e-parent\" data-id=\"1a1fd15\" data-element_type=\"container\">\n\t\t\t\t\t<div class=\"e-con-inner\">\n\t\t<div class=\"elementor-element elementor-element-d0ed78d elementor-hidden-desktop e-con-full e-flex e-con e-child\" data-id=\"d0ed78d\" data-element_type=\"container\" data-settings=\"{&quot;background_background&quot;:&quot;classic&quot;,&quot;position&quot;:&quot;fixed&quot;}\">\n\t\t\t\t<div class=\"elementor-element elementor-element-8a1120a elementor-widget elementor-widget-button\" data-id=\"8a1120a\" data-element_type=\"widget\" data-widget_type=\"button.default\">\n\t\t\t\t<div class=\"elementor-widget-container\">\n\t\t\t\t\t\t\t\t\t<div class=\"elementor-button-wrapper\">\n\t\t\t\t\t<a class=\"elementor-button elementor-button-link elementor-size-sm\" href=\"tel:+33629540306\">\n\t\t\t\t\t\t<span class=\"elementor-button-content-wrapper\">\n\t\t\t\t\t\t<span class=\"elementor-button-icon\">\n\t\t\t\t<svg aria-hidden=\"true\" class=\"e-font-icon-svg e-fas-phone-alt\" viewBox=\"0 0 512 512\" xmlns=\"http:\/\/www.w3.org\/2000\/svg\"><path d=\"M497.39 361.8l-112-48a24 24 0 0 0-28 6.9l-49.6 60.6A370.66 370.66 0 0 1 130.6 204.11l60.6-49.6a23.94 23.94 0 0 0 6.9-28l-48-112A24.16 24.16 0 0 0 122.6.61l-104 24A24 24 0 0 0 0 48c0 256.5 207.9 464 464 464a24 24 0 0 0 23.4-18.6l24-104a24.29 24.29 0 0 0-14.01-27.6z\"><\/path><\/svg>\t\t\t<\/span>\n\t\t\t\t\t\t\t\t\t<span class=\"elementor-button-text\">06 29 54 03 06<\/span>\n\t\t\t\t\t<\/span>\n\t\t\t\t\t<\/a>\n\t\t\t\t<\/div>\n\t\t\t\t\t\t\t\t<\/div>\n\t\t\t\t<\/div>\n\t\t\t\t<\/div>\n\t\t\t\t\t<\/div>\n\t\t\t\t<\/div>\n\t\t\t\t<\/div>\n\t\t","protected":false},"excerpt":{"rendered":"<p>TSTI ELEC, SAS, soci\u00e9t\u00e9 par actions simplifi\u00e9e au capital social de 1 000,00\u20ac Adresse: : 23 RUE DU RIVAGE 59150 WATTRELOS Tel : 06 29 54 03 06 Mail : tstielec@gmail.com Siret : 81490105400043 H\u00e9bergeur : OVH (OVHCLOUD), SAS, soci\u00e9t\u00e9 par actions simplifi\u00e9e Adresse : 2 RUE KELLERMANN 59100 ROUBAIX Tel : 1007 06 29 [&hellip;]<\/p>\n","protected":false},"author":1,"featured_media":0,"parent":0,"menu_order":0,"comment_status":"closed","ping_status":"closed","template":"","meta":{"footnotes":""},"class_list":["post-17","page","type-page","status-publish","hentry","entry"],"_links":{"self":[{"href":"https:\/\/tstielec.com\/index.php?rest_route=\/wp\/v2\/pages\/17","targetHints":{"allow":["GET"]}}],"collection":[{"href":"https:\/\/tstielec.com\/index.php?rest_route=\/wp\/v2\/pages"}],"about":[{"href":"https:\/\/tstielec.com\/index.php?rest_route=\/wp\/v2\/types\/page"}],"author":[{"embeddable":true,"href":"https:\/\/tstielec.com\/index.php?rest_route=\/wp\/v2\/users\/1"}],"replies":[{"embeddable":true,"href":"https:\/\/tstielec.com\/index.php?rest_route=%2Fwp%2Fv2%2Fcomments&post=17"}],"version-history":[{"count":21,"href":"https:\/\/tstielec.com\/index.php?rest_route=\/wp\/v2\/pages\/17\/revisions"}],"predecessor-version":[{"id":512,"href":"https:\/\/tstielec.com\/index.php?rest_route=\/wp\/v2\/pages\/17\/revisions\/512"}],"wp:attachment":[{"href":"https:\/\/tstielec.com\/index.php?rest_route=%2Fwp%2Fv2%2Fmedia&parent=17"}],"curies":[{"name":"wp","href":"https:\/\/api.w.org\/{rel}","templated":true}]}}